3105?
2
What is the hundred thousands digit of 20849363?
8
What is the tens digit of 14373347?
4
What is the hundreds digit of 1603722248?
2
What is the tens digit of 15927344?
4
What is the tens digit of 488844431?
3
What is the tens digit of 101918868?
6
What is the hundred millions digit of 111421084?
1
What is the ten millions digit of 29037983?
2
What is the millions digit of 26337481?
6
What is the thousands digit of 47809789?
9
What is the units digit of 116353222?
2
What is the units digit of 6579490105?
5
What is the thousands digit of 127420915?
0
What is the hundreds digit of 76607098?
0
What is the millions digit of 57988859?
7
What is the hundreds digit of 1930802061?
0
What is the units digit of 3089416712?
2
What is the hundreds digit of 52618759?
7
What is the ten millions digit of 96132134?
9
What is the ten thousands digit of 316293979?
9
What is the ten millions digit of 3320619345?
2
What is the hundred millions digit of 187773570?
1
What is the hundreds digit of 4517128342?
3
What is the ten thousands digit of 151098795?
9
What is the hundred thousands digit of 1387921432?
9
What is the millions digit of 4386635905?
6
What is the hundred millions digit of 568638265?
5
What is the millions digit of 52708127?
2
What is the millions digit of 507507599?
7
What is the hundred thousands digit of 4919627918?
6
What is the units digit of 20441731?
1
What is the hundred thousands digit of 64589252?
5
What is the hundred millions digit of 1362461690?
3
What is the units digit of 555207473?
3
What is the ten thousands digit of 2592418?
9
What is the tens digit of 235809113?
1
What is the millions digit of 8322503351?
2
What is the tens digit of 931936044?
4
What is the ten millions digit of 13528801?
1
What is the ten thousands digit of 29643679?
4
What is the hundred thousands digit of 6587942469?
9
What is the ten millions digit of 3647408319?
4
What is the ten thousands digit of 1569999882?
9
What is the ten millions digit of 1784847610?
8
What is the hundred millions digit of 2742857842?
7
What is the tens digit of 3519937359?
5
What is the thousands digit of 6248715347?
5
What is the hundreds digit of 125103268?
2
What is the hundreds digit of 30547508?
5
What is the hundred millions digit of 1559404831?
5
What is the hundreds digit of 908000670?
6
What is the millions digit of 4195290510?
5
What is the ten millions digit of 57108436?
5
What is the units digit of 1227520278?
8
What is the ten thousands digit of 459419034?
1
What is the hundred thousands digit of 1045811893?
8
What is the millions digit of 47549291?
7
What is the ten thousands digit of 324510903?
1
What is the ten millions digit of 2702455268?
0
What is the millions digit of 25554149?
5
What is the ten thousands digit of 136570262?
7
What is the units digit of 31024037?
7
What is the hundreds digit of 425221853?
8
What is the tens digit of 45033636?
3
What is the ten millions digit of 125878040?
2
What is the millions digit of 2167186097?
7
What is the units digit of 310109042?
2
What is the thousands digit of 564099839?
9
What is the units digit of 8570260?
0
What is the units digit of 277512698?
8
What is the thousands digit of 24244074?
4
What is the hundreds digit of 20587704?
7
What is the ten thousands digit of 21989163?
8
What is the hundred thousands digit of 686374871?
3
What is the thousands digit of 8605947?
5
What is the ten thousands digit of 1664212394?
1
What is the units digit of 1230074674?
4
What is the hundred millions digit of 145681014?
1
What is the hundred thousands digit of 3823294010?
2
What is the hundred millions digit of 494723426?
4
What is the hundred thousands digit of 1893519193?
5
What is the hundred millions digit of 3187313636?
1
What is the hundreds digit of 64670417?
4
What is the ten millions digit of 3288103546?
8
What is the tens digit of 701893772?
7
What is the millions digit of 244177920?
4
What is the ten millions digit of 203159998?
0
What is the ten thousands digit of 188252265?
5
What is the units digit of 300893667?
7
What is the hundred millions digit of 2004514258?
0
What is the hundreds digit of 3857082?
0
What is the hundred millions digit of 124024589?
1
What is the units digit of 18841038?
8
What is the millions digit of 23258561?
3
What is the millions digit of 517560004?
7
What is the hundred millions digit of 5886993241?
8
What is the hundred thousands digit of 307658155?
6
What is the tens digit of 53962344?
4
What is the millions digit of 66612713?
6
What is the hundred thousands digit of 90817693?
8
What is the ten thousands digit of 1092232327?
3
What is the hundred thousands digit of 90056461?
0
What is the units digit of 29128176?
6
What is the millions digit of 851860148?
1
What is the units digit of 32056053?
3
What is the millions digit of 2486088254?
6
What is the hundred thousands digit of 59329142?
3
What is the units digit of 2266313145?
5
What is the thousands digit of 61863916?
3
What is the tens digit of 157110075?
7
What is the units digit of 57521494?
4
What is the hundred thousands digit of 52101021?
1
What is the ten millions digit of 90150008?
9
What is the thousands digit of 1126158753?
8
What is the hundred thousands digit of 18399250?
3
What is the ten thousands digit of 8046159?
4
What is the units digit of 3222877249?
9
What is the units digit of 356179679?
9
What is the hundred thousands digit of 197947601?
9
What is the thousands digit of 4035118606?
8
What is the thousands digit of 194370394?
0
What is the hundreds digit of 1417830985?
9
What is the hundreds digit of 1007255090?
0
What is the millions digit of 1007172236?
7
What is the ten thousands digit of 165981074?
8
What is the hundred thousands digit of 781586707?
5
What is the thousands digit of 1162120033?
0
What is the tens digit of 296043224?
2
What is the millions digit of 112229530?
2
What is the hundreds digit of 64743945?
9
What is the ten millions digit of 43989281?
4
What is the millions digit of 32497839?
2
What is the hundred thousands digit of 308430779?
4
What is the ten thousands digit of 18194692?
9
What is the units digit of 9636991951?
1
What is the units digit of 1111295?
5
What is the tens digit of 315194626?
2
What is the hundreds digit of 20038468?
4
What is the thousands digit of 83583440?
3
What is the ten thousands digit of 63255306?
5
What is the ten thousands digit of 119531581?
3
What is the hundred thousands digit of 980304464?
3
What is the hundreds digit of 23545314?
3
What is the thousands digit of 1132817082?
7
What is the thousands digit of 478505209?
5
What is the millions digit of 437403231?
7
What is the hundreds digit of 273010694?
6
What is the units digit of 389573950?
0
What is the ten thousands digit of 346519224?
1
What is the hundred thousands digit of 113771461?
7
What is the millions digit of 132710727?
2
What is the ten millions digit of 34177656?
3
What is the hundred millions digit of 603950668?
6
What is the hundred millions digit of 464834169?
4
What is the hundreds digit of 1823565708?
7
What is the hundred thousands digit of 26934853?
9
What is the tens digit of 317876784?
8
What is the hundred thousands digit of 3510299094?
2
What is the hundreds digit of 176205555?
5
What is the hundred thousands digit of 227783723?
7
What is the tens digit of 149876107?
0
What is the ten millions digit of 29296342?
2
What is the ten millions digit of 5147021789?
4
What is the hundreds digit of 1520863571?
5
What is the tens digit of 3101065208?
0
What is the hundreds digit of 633586648?
6
What is the hundreds digit of 967976725?
7
What is the tens digit of 6135746383?
8
What is the thousands digit of 1218355965?
5
What is the tens digit of 581763313?
1
What is the ten thousands digit of 8038884198?
8
What is the ten millions digit of 15022178?
1
What is the hundred millions digit of 218741895?
2
What is the hundred thousands digit of 124873550?
8
What is the ten millions digit of 26661304?
2
What is the ten millions digit of 4808256001?
0
What is the units digit of 76480772?
2
What is the millions digit of 637206288?
7
What is the tens digit of 63635489?
8
What is the millions digit of 4595156471?
5
What is the units digit of 26862600?
0
What is the thousands digit of 7235946?
5
